). Let h be (-7)/v*25 - (1 - 3). Let c(j) = 0*j - 9*j**2 + 5*j**2 - h*j + 10 + 3*j**2. Give c(-7).
10
Let v = 3557 - 3553. Let p(o) = 44*o - 173. Give p(v).
3
Let w(r) = -21*r - 1. Let a(j) = -2*j**2 + 2*j - 1. Let k(n) = -4*a(n) - 2*w(n). Let z(u) = -3*u**2 - 12*u - 2. Let p(f) = -4*k(f) - 11*z(f). Determine p(5).
3
Let m(q) = -q**2 + 7*q - 6. Let j be -10 - ((1 - -1) + -4). Let r be (-32)/(-6) + j/24. Suppose 2*h + r*h = 28. Calculate m(h).
6
Let b(l) = 5*l**2 + 11*l + 6. Let j(m) = -33*m**2 - 67*m - 31. Let h(s) = -13*b(s) - 2*j(s). Calculate h(9).
-16
Let l(f) = -2*f + 1 + 93*f - 84*f. Calculate l(11).
78
Let h(k) be the first derivative of 1/3*k**3 + 8*k + 5/2*k**2 + 10. Determine h(-8).
32
Suppose 13*a - 2 = 11*a. Let c(z) = 3 - z**2 - 5*z - a - 1 - 3. Let h(b) = 4*b - 29. Let l be h(6). Determine c(l).
-2
Suppose -5*y - 4*z = -12, -4*z = -5*y - 9*z + 15. Let f(s) = 2 - s + 2*s + 4*s - 4*s. What is f(y)?
2
Let j be 1/((-13)/(-7) - 180/210). Let w(f) = -22*f**2 + 3*f - 3. What is w(j)?
-22
Let g(w) = w**3 + 24*w**2 + 12*w + 34. Let o be g(-22). Let z = 744 - o. Let k(i) = i**3 - 7*i**2 + 4*i - 2. Determine k(z).
-14
Let x(m) = 5*m**2 - 62*m**3 + 21*m**3 - m + 24*m**3 + 0*m - 2 + 18*m**3. Let k = 19 + -1. Suppose -2*l = 3*l + a + 26, -4*l = -2*a + k. Determine x(l).
3
Let o be 4/20*40 + -11. Let x(b) = b**3 - 5*b**2 - 2*b + 1. What is x(o)?
-65
Let f(j) = j**2 + 20*j + 79. Let w be f(-15). Suppose -w*t = -x + 4 + 4, 4*x - 14 = -2*t. Let l(u) = -u**3 - u**2. Calculate l(t).
0
Let n(l) = 1267 + 19*l - 28*l**2 - 649 - 652 + l**3 + 9*l. Calculate n(27).
-7
Let c(h) = -20*h + 21. Let m be c(1). Let z(q) = 3 + m - 4 + 4 - 4*q - q**2. Give z(-6).
-8
Let a(d) = -d**3 + 8*d**2 + 10*d + 2. Let l be a(9). Let o(h) = l - 6 - 3 - 4*h + 16*h. Let p be o(-1). Let w(y) = y**3 + 9*y**2 - 11*y - 8. What is w(p)?
2
Let s(d) be the second derivative of -d**5/120 - d**4/24 + 5*d**3/6 + d**2/2 - 98*d + 2. Let g(l) be the second derivative of s(l). Give g(-7).
6
Let w(s) = s - 5. Let f be w(7). Suppose j = 3 + f. Let x(d) = -3*d**2 + 8*d. Let g(a) = 4*a**2 - 9*a + 1. Let m(i) = -2*g(i) - 3*x(i). Determine m(j).
-7
Let k(u) = 6*u**3 + 133*u**2 - u - 41. Let q(h) = -5*h**3 - 104*h**2 + 42. Let f(z) = -4*k(z) - 5*q(z). What is f(12)?
2
Suppose -13 = 5*k + 37. Let h be (-16)/12 + k/(-3). Let o(q) = -h - 9*q + 6*q + 9*q. Give o(-2).
-14
Let z(g) be the second derivative of 88*g**3/3 - 3*g**2 + 4347*g. Determine z(0).
-6
Let y(j) be the first derivative of j**3/3 + 64*j + 1673. Determine y(0).
64
Let b(v) be the third derivative of -v**7/35 + v**6/360 + v**5/120 - v**4/24 - 56*v**3/3 - v**2 + 13*v. Let z(k) be the first derivative of b(k). Give z(1).
-23
Let x(b) be the third derivative of -b**6/360 + b**5/15 + 11*b**4/24 - 5*b**3/3 + 7*b**2. Let a(l) be the first derivative of x(l). Let c = 7 + 3. Give a(c).
-9
Let q(o) = -o**3 + 8*o**2 - 8*o + 1. Suppose f - 13 + 2 = 4*s, s = 2*f - 36. Suppose 141 + f = -8*m. Let h = m - -27. What is q(h)?
-6
Let g(t) = t**2 + 4*t + 6. Let o(c) = c**2 + 2*c - 4. Let h(x) = -x + 3. Let y be h(3). Suppose y = -2*f - 3*f. Let w be o(f). Give g(w).
6
Let t(a) = -a**2 - 2*a + 3. Let s be 290/50 + 16/(-20). Let n be (s/2 - 5)*16/(-10). Calculate t(n).
-21
Let l(i) be the third derivative of i**5/60 - i**4/4 - 3*i**3/2 - 10*i**2. Let w = -72 - -114. Suppose 4*z + 2*b = w, -4*z - 65 = -9*z - 5*b. Give l(z).
7
Let w(u) be the second derivative of -u**4/12 + 2*u**2 - 110*u + 17. Give w(1).
3
Let h(r) = r**2 - 40*r + 297. Let w(o) = -3*o**2 + 79*o - 673. Let b(t) = -5*h(t) - 2*w(t). Give b(-45).
-4
Suppose 2*c = -2*q + 8, 5*q - 2*c - 16 = -5*c. Let x(w) = w - q*w + 1 + w + w. Let z(h) = -h**3 + 10*h**2 - 16*h + 5. Let l be z(8). Determine x(l).
6
Let q(s) = s**2 - 9*s - 2. Let h(m) = 5*m**2 - 49*m - 10. Let k(c) = -2*h(c) + 11*q(c). Let z(l) = -2*l**2 + l + 10. Let w(r) = -4*k(r) - z(r). Calculate w(2).
-4
Let r be (2/4)/((-1)/(-6)). Let c(x) be the second derivative of x**4/6 - x**3/6 - 2*x**2 - 2*x - 942. Determine c(r).
11
Suppose -4*b - g + 332 = 0, 4*g + 400 = 4*b + 68. Suppose 0 = 2*k - b + 79. Suppose -45 = k*i - 35. Let m(j) = -j**3 - 5*j**2 - 4*j + 1. Give m(i).
21
Let o(m) = 15*m + 195. Let y be o(0). Let n = 188 - y. Let p(k) = -k - 13. Calculate p(n).
-6
Let l(i) be the first derivative of i**4/4 - 4*i**3/3 - 2*i**2 + 9*i + 1. Let m(b) = -6484*b - 84288. Let w be m(-13). What is l(w)?
-7
Let h(u) = -16*u - 78. Suppose 7*q + 57 = -8*q - 4*q. Determine h(q).
-30
Let x(r) = -205*r - 18. Let u(g) = -90*g - 9. Let p(z) = -9*u(z) + 4*x(z). Calculate p(5).
-41
Let u(x) = -34*x + 20. Let l(n) = 12*n - 7. Let q be 23/115 + (0 - (-56)/(-5)). Let w(f) = q*l(f) - 4*u(f). Give w(6).
21
Let g(p) = p**2 - 7*p + 1. Let d(o) = -o**3 - o**2 - 4*o. Let y be d(-2). Let n(b) = -b**3 + 12*b**2 + 2*b - 17. Let t be n(y). Determine g(t).
1
Let l(v) = -312 + 79 - 9*v + 85 + 86 + 80. Give l(-5).
63
Let h(x) = -1 + 33*x - 79*x + 9*x**2 + 3*x**2 + 46*x. Give h(-1).
11
Let r be 33*1 - ((0 - 1) + 3). Let b(j) = 109 - r - 40 + 4*j - 32 - j**2. Calculate b(5).
1
Let a(c) = -c**2 + 6*c - 2. Let q be 29 + (-6)/15*5. Suppose 12*i - q = 33. Give a(i).
3
Let q(o) = -11*o**2 + 2*o - 2. Let k(a) = -a**3 - 26*a**2 + 24*a - 44. Let u be k(-27). Let d be u - 40 - (-5 + 1). Calculate q(d).
-11
Let r be ((-1600)/75)/32*(-3*7)/(-1). Let c(z) = z**2 + 9*z - 57. Give c(r).
13
Let x(t) = -14*t**2 + 3*t - 2. Suppose 4*y + 4 = -2*o, o = -2 - 2. Give x(y).
-13
Let c(d) be the third derivative of d**6/720 - d**5/40 + d**4/12 - 9*d**3 + d**2 + 10. Let k(b) be the second derivative of c(b). Determine k(9).
6
Let y(q) = q**3 - 9*q**2 - 9*q - 6. Suppose -91 = -9*x + 4*x - k, -4*x = 5*k - 56. Suppose j + h - 8 = 0, j + 4*h = -17 + x. Determine y(j).
4
Let c = -17474 + 17505. Let k(m) = -m**3 + 32*m**2 - 29*m - 65. Give k(c).
-3
Suppose 5*w = -2*f + 34, -26*f + 17*w - 96 = -23*f. Let b(i) = i**2 - 3*i + 2. Give b(f).
0
Let q(n) = -5*n + 17. Let p(w) = 11*w - 35. Let o(r) = 6*p(r) + 13*q(r). Let h = 30310 + -30326. What is o(h)?
-5
Suppose 12*p - 11*p - 10 = -3*v, 4*v + 4*p = 0. Let m(r) = r**3 - 5*r**2 - 5*r + 30. Determine m(v).
5
Let y(j) = -j - 5. Let s(u) = 8*u - 13 - 13*u + 7*u. Let a be s(4). Let n(t) = t + 5. Let h(z) = a*n(z) - 4*y(z). What is h(-6)?
1
Let q(j) = 57*j - 7. Let w be q(5). Suppose 4*c - 202 = w. Let o(t) = 13*t - 120 + c. Determine o(-1).
-13
Let g(u) = -u - 16. Let w be g(-19). Suppose -159 + 153 = -w*k. Let x(v) = -15*v + 1. Calculate x(k).
-29
Let f be (336/252)/((-4)/(-6)). Let o(k) = -16 - 15*k + 492*k**2 - 32 + 13 - 491*k**f. Give o(17).
-1
Let k be (-926)/(-8) - (-15)/60. Let g(f) = -k*f**2 - f - 2 + 110*f**2 - f**3 - 1. Give g(-6).
3
Let b be -3 + 8 + -1 - -4. Suppose b*z - 36 = 5*z. Suppose -41 = -z*y - 5. Let m(u) = -u**2 + u + 4. Give m(y).
-2
Let n(a) = a + 6. Suppose 5 = 2*d - 6*y + 3*y, 0 = -2*d - 2*y + 10. Let o be (-3 - -1)*(-38)/4. Suppose d*u = o + 9. Determine n(u).
13
Suppose -75 = 310*b - 335*b. Let w(h) = 2*h + 4. Let v(o) = -2*o - 5. Let r(n) = -6*v(n) - 7*w(n). Give r(b).
-4
Let z be (10 - 18) + 0 - 6/(-3). Let q(h) = h**2 + 3*h + 9. Calculate q(z).
27
Let t(n) = 6 + 18 + 2*n + 10 + 2. Let j(i) = -116*i - 713. Let s be j(-6). Let b be t(s). Let u(q) = 4*q + 1. What is u(b)?
9
Let j(a) = -11*a + 212. Let r(l) = -56*l + 1056. Let c(m) = 21*j(m) - 4*r(m). Calculate c(34).
-10
Let i(s) = 15*s**2 - 13*s + 1. Let o(u) = -32*u**2 + 27*u. Let a(q) = 9*i(q) + 4*o(q). Let b(z) = -9*z**2 + 9*z - 8. Let m(k) = 5*a(k) + 4*b(k). What is m(-10)?
3
Let m(s) be the third derivative of -2/3*s**3 - 8 + 6*s**2 + 0*s + 5/8*s**4. Give m(4).
56
Let g(p) = -4*p**2 + 3*p - 2. Suppose 0 = 17*k - 16*k - 2. Suppose 28 = k*r + 24. Determine g(r).
-12
Let j(u) = 3*u - 5. Let a be 15/6*-12*(-5)/15. Let w be (-45)/(-10) + -2 - (-5)/a. Give j(w).
4
Let x be (4/(-6))/((-5)/(135/2)). Let r be (-1 - x)*2/(-4). Let l be r + (0 - 0)/1. Let w(n) = n**3 - 6*n**2 + 6*n - 1. What is w(l)?
4
Suppose 3*t = 3*f - 39, 5*f - 458 + 533 = -5*t. Let j(n) = -n**2 - 17*n - 35. Give j(t).
7
Let i be 2/(-10) + ((-132)/(-10) - 2). Suppose -6*s - 10 = -i*s. Let j(a) = -2 + 6 + 30*a + 8*a**s - 4*a**3 + 5*a**3 - 22*a. What is j(-7)?
-3
Let a(r) = -255*r**2 + 3570*r + 2. Let c be a(14). Let q(v)